 + -3))?
3
What is -3 + (-4 - 4) + 13?
2
Calculate -9 + 4 + -2 + (12 - 5).
0
Evaluate (-1 - -7 - (3 - 7)) + -6.
4
What is -2 + -1 - (5 - (4 - -5))?
1
What is 0 + (9 - 5) - (10 - 3)?
-3
Calculate -3 - (2 - (5 + -3)).
-3
Calculate 6 + -6 + 2 - (1 + 1).
0
What is the value of (5 - 0) + (-5 - -5)?
5
What is the value of (2 - -1) + -6 - -1?
-2
Calculate -3 - (6 - (-4 + 13)).
0
What is the value of 34 - 30 - (5 - 1)?
0
What is 0 - (3 + (-3 - -4))?
-4
(-24 - -11) + 9 + 6 + 2
4
Calculate -5 + 6 - (-4 + 10).
-5
What is 5 - (-1 - -3 - (-3 - -3))?
3
What is the value of 0 - (16 + -8 - (1 + 16))?
9
Calculate 6 + (-1 - 7) - (2 + -3).
-1
What is the value of (47 - 54) + (10 - -2)?
5
Evaluate (-1 + 5 - (-6 + 0)) + -6.
4
What is (4 - -2 - 6) + 2 + -6?
-4
Calculate 12 + -5 + -5 - 5.
-3
What is 1 + (-10 + 1 - -6)?
-2
What is the value of -4 + (-5 - (-3 - 7))?
1
Evaluate -3 - (-9 - -2) - 4.
0
Calculate -1 - (2 + -4) - 0.
1
Calculate (3 - ((3 - -3) + -2)) + -3.
-4
Evaluate -6 - (-3 + 5 + -10).
2
What is 13 - (5 + (0 - -2)) - 10?
-4
What is 4 + (1 + (-3 - -1) - 1)?
2
What is the value of (-5 - (3 - 4)) + (-11 - -15)?
0
What is the value of 6 - (7 - 6) - (4 - 0)?
1
(3 - (8 - 1 - -3)) + 2
-5
What is 1 - (1 + 6 + 2 + -6)?
-2
What is the value of 9 + -10 + (8 - 6)?
1
Evaluate (-11 - (9 + -10)) + 11.
1
Evaluate 2 + 2 - (2 + (0 - 3)).
5
3 + (11 - -6 - 10)
10
Evaluate -5 - 5 - (-1 + 1 - 5).
-5
What is -253 + 261 - (6 - 1)?
3
Calculate -9 + (2 - (-6 - -3)).
-4
Evaluate -6 - (-4 + (-3 - (-6 - -2))).
-3
What is the value of 3 - 1 - (-12 + 13 - 3)?
4
Evaluate (-1 - 3) + -3 - 0 - -3.
-4
What is 0 - -8 - -3 - 14?
-3
What is (2 - 1) + 2 + -1?
2
Calculate -5 - -10 - -1 - 12.
-6
Calculate (-4 - -2) + 1 + 2.
1
What is the value of 8 + 2 + 7 + -11?
6
Calculate 0 - (0 + -6 + 1).
5
2 + -2 - (-1 - 1 - -4)
-2
Evaluate 0 - (12 - (10 - (8 - 1))).
-9
What is the value of (-14 - -13) + 0 + -1 + -2?
-4
Evaluate 8 - (-3 - (-12 + 6)) - 16.
-11
What is the value of (1 - 4) + (-9 - -13 - 6)?
-5
What is 0 - 0 - (4 - (2 - 0))?
-2
What is 13 + -12 + (3 - 2)?
2
What is -1 + -15 + 5 - (3 + -8)?
-6
Calculate 2 + (0 - (2 - 6 - -1)).
5
-1 - (-2 - 0 - -1 - 1)
1
2 + 0 + -18 + 20
4
2 + -9 - (-2 - 0 - -1)
-6
Calculate 5 + (-18 - -3) + 7.
-3
What is the value of -5 - (-7 - -8) - -7?
1
Evaluate 6 - (2 + 4 + 0 + -3).
3
(-4 - -6) + 3 + -2 + -5
-2
2 + -2 + 2 + (-2 - 0)
0
Calculate 3 - (4 + 8 - 6).
-3
What is the value of -5 + 4 - -4 - 2?
1
Evaluate 6 + (7 - 16) - 2.
-5
-1 + -1 + (42 - 39)
1
What is the value of 48 - 69 - (-13 - -1)?
-9
Evaluate 7 - (-2 - (-7 - -3)).
5
What is the value of 6 - 0 - (-3 + 10 + -6)?
5
Calculate -5 - (2 + -1) - (9 - 12).
-3
Evaluate 0 + (8 - 9) + -5.
-6
6 - ((7 - 9) + 11)
-3
Evaluate 5 + (-1 - (-6 - -5)).
5
Calculate (7 - 13) + (-1 - -3).
-4
Calculate -4 - (3 + -8 + 6).
-5
Evaluate 0 + 3 + -4 + 1.
0
What is the value of -3 - (-1 + 3 + -5)?
0
What is the value of 15 + -7 + -1 + -8?
-1
Calculate (-2 - (2 + 0 + 5)) + 5.
-4
What is the value of 3 + (-6 - (1 - 0))?
-4
Evaluate 1 - (-7 + 4 - -5).
-1
What is the value of 2 - (-4 - (-11 - -4) - 2)?
1
What is the value of -2 - -4 - 2 - (66 + -74)?
8
Calculate 8 + (-13 - (10 - 23)).
8
Evaluate 1 + (-2 - -4 - 1 - 3).
-1
Evaluate -4 + -1 + 16 - 2 - 6.
3
Evaluate 0 + ((4 - 7) + 7 - 1).
3
What is the value of (-9 - 0) + (1 - -3) - -5?
0
12 - 13 - (1 - 1)
-1
What is the value of (-3 - -2) + (0 - 2) + 1?
-2
Evaluate -1 + 8 - (-4 + 0 + 8).
3
(-6 - 0) + 3 + 4
1
What is the value of 4 + (9 - 8) + -10?
-5
What is 2 - (4 - (3 - -2))?
3
Calculate (12 - 18 - -11) + -13.
-8
Evaluate (13 - 12) + -3 + 1 - 4.
-5
Calculate -1 - (6 + (2 - -1 - 0)).
-10
What is the value of (6 - 3) + -5 + -1 - 1?
-4
Calculate 0 - 13 - (0 - 12 - -9).
-10
Evaluate 8 + (10 + -5 + -3 - 3).
7
What is the value of (-1 - (-11 + -4)) + -15?
-1
Calculate (8 - 15) + 10 - (-4 - 0).
7
What is the value of (-5 - 0) + (69 - 69)?
-5
Evaluate (-24 - -29) + (-15 - -3).
-7
Evaluate 0 - -6 - (0 - (-1 + -5)).
0
-11 + 4 - -1 - -10
4
1 + (-2 - 3 - -5) + -6
-5
Calculate -4 + (-3 - (-1 - 5)) + -3.
-4
What is (-12 + 6 - -5) + (-1 - 2)?
-4
What is (-1 - (1 + -7)) + (17 - 22)?
0
-6 + -4 + 7 + (-1 - -9)
5
Evaluate -13 + 9 + 3 + -3.
-4
Calculate 3 + (-3 - -1) + (12 - 13).
0
What is the value of (-35 - -34) + -3 + 1?
-3
What is the value of 4 + -8 + 1 + -2 + 1?
-4
Calculate 117 + -121 - ((1 - 1) + -4).
0
Evaluate 2 + -1 - (6 + -4).
-1
Evaluate (0 - 2) + 0 - 1.
-3
7 + (-41 - -31 - (-1 + -3))
1
What is -3 + (5 - -2) + -2 + -1?
1
13 + -6 + (-12 - -2) + 5
2
What is the value of (5 - -3) + -3 - (13 + -14)?
6
Calculate (-3 - -1) + (0 + -4 - -2).
-4
(-1 - -6 - 4) + 4 + -3
2
Evaluate 3 + 0 - (4 - -1).
-2
What is the value of -8 + 7 + 1 + 6?
6
Evaluate -1 + -5 + 9 + 1.
4
-22 - -20 - (-1 - (-1 + 3))
1
Calculate 4 - ((-7 - -10) + (-5 - -1)).
5
(78 - 88) + (6 - 0 - 2)
-6
Evaluate -5 - (8 - (2 + 5)).
-6
What is the value of -4 + 3 - (2 - 0)?
-3
What is the value of 4 + -5 + 5 + (-4 - 1)?
-1
Evaluate -4 + 0 + -1 - 0.
-5
Calculate (0 - -6 - 1) + (0 - 6).
-1
What is the value of -4 - (-1 + -3 + 1 + 1)?
-2
Evaluate 5 + 1 - (8 + -11 - -16).
-7
What is the value of (-19 - (5 - 14)) + 8?
-2
What is the value of -2 + (2 - 4) + 5?
1
Evaluate 0 + 2 + -3 - 0.
-1
What is 2 + (1 - -4) - 11?
-4
-4 - (-7 - 15) - 10
8
What is 2 - (1 - 11) - 1?
11
Calculate (10 - 3) + -6 + 1.
2
Evaluate -4 - -11 - (1 - (-4 + 2)).
4
What is the value of -22 + 14 - (-2 + -1 - 1)?
-4
15 + (0 - 0) - (15 + -6)
6
What is the value of -2 + 3 + -3 + 1?
-1
What is the value of (-2 + 0 - (-20 - -21)) + 5?
2
Calculate 2 + 5 + (-6 - -5) - 2.
4
(-2 - 0) + 17 + -8 + -4
3
Calculate (3 - 1) + (17 - 9 - 10).
0
What is the value of 1 - (1 + 2 - 6 - 1)?
5
Calculate -12 - (-2 - (-3 - -7)).
-6
Evaluate -1 + 5 + 1 + -3.
2
What is 2 + -7 + 7 + -3?
-1
What is the value of -8 - -4 - (-3 + 1)?
-2
What is 0 + -4 + 10 - (15 - 8)?
-1
Evaluate -2 - (5 + -11 - 4).
8
Calculate (1 - 4) + (0 - -5) + -2.
0
What is the value of 6 - (4 + (4 - 2) + 0)?
0
What is 1 + 1 + -14 + 16?
4
Evaluate 1 + -7 + (4 - -10) + 0.
8
0 - 0 - 1 - (-20 + 18)
1
Evaluate (0 - -4 - 7) + (-2 - -1).
-4
Calculate -9 + 21 + -1 + -5.
6
What is the value of (-9 - -7) + 1 + 3?
2
What is the value of 1 + 11 + -1 - 7?
4
What is 5 - (4 + 1) - (6 + -7)?
1
Calculate 2 + (6 - 4) + 0.
4
Evaluate 1 - ((0 - -3) + -4) - 2.
0
Evaluate 10 + -1 + (-2 - -1) + -6.
2
-2 - ((-21 - -9) + 12)
-2
What is (0 - (1 - -1) - -6) + -4?
0
Evaluate (33 - 31) + 3 + (0 - 5).
0
1 + 3 + (-7 - -7) - 7
-3
What is the value of 13 + (3 - -2) + 18 + -26?
10
What is 0 + 0 + (4 - 7)?
-3
What is the value of 1 - 3 - ((-2 - -7) + -4)?
-3
What is the value of ((-2 - -5) + -4 - 0) + -3?
-4
What is the value of (1 - 0) + -3 + -1?
-3
Calculate -3 - 1 - (5 + -12).
3
Evaluate -1 - (-6 + 0) - 5.
0
Calculate 2 + (0 - -1 - (8 + -4)).
-1
Calculate 0 + 1 + 19 + -22.
-2
Calculate (13 - 5) + -2 - 3 - 3.
0
Evaluate (-6 - (4 - 18)) + -7.
1
Calculate (-2 - -9) + (-8 - (0 + -3)).
2
What is (7 - (8 - 2)) + (2 - -1)?
4
(27 - 11 - 6) + -19
-9
(-5 - (-1 - 0)) + (47 - 44)
-1
What is (-6 + 4 - -4) + (-5 - -1)?
-2
What is -8 - -7 - -13 - 8?
4
What is 1 + -1 + (12 - 13) - -6?
5
What is the value of -1 + -1 + 2 + 0?
0
Calculate -4 + (-8 - (-7 - -3)) + -2.
-10
What is the value of 18 + -17 + (1 - 0) + 2?
4
Calculate 3 + (-12 - (-8 - -1)).
-2
What is the value of 1 - (5 + 4 + -11)?
3
What is the value of -7 + 0 + (-10 - -10)?
-7
What is the value of 4 + -6 + -4 + 1?
-5
What is 3 - (-6 + -7) - (-1 + 9)?
8
Calculate -1 + -1 - (-4 - -1).
1
What is 2 - (-8 + 13 - (4 - 5))?
-4
What is the value of 0 - (8 + (-2 - -2)) - -6?
-2
What is -7 - -1 - -1 - (0 - 1)?
-4
Evaluate 0 - (-6 + -13 + 13).
6
Calculate -2 + (14 - (7 - 0)) + -7.
-2
Evaluate -12 + 7 - (-3 - 4).
2
What is (5 + -1 - (2 + 6)) + 3?
-1
What is -2 + 6 - (4 - (-1 - -7))?
6
-3 + (-10 - -5) + 4
-4
What is the value of 1 - (-1 + 3) - 1?
-2
(12 - 6) + 1 + -2
5
What is the value of 92 + -86 + 0 + -6?
0
Calculate -4 + 0 + 6 + 3.
5
What is (-1 - (-8 - -4) - 0) + -8?
-5
What is (6 - 8) + (-3 - -3 - 1)?
-3
Calculate -2 + 0 + (33 - 16 - 12).
3
What is -2 - (-6 - (2 + -7))?
-1
What is the value of -7 + -2 + 2 + 2?
-5
11 - (1 + 4 - -10)
-4
What is the value of -2 + -2 + 1 - (14 - 13)?
-4
-4 + 4 + (-1 + 0 - 0)
-1
51 + -52 + (2 - 0)
1
Evaluate 3